 Suppose 33512 = i*k - 17803. What are the prime factors of k?
5, 311
Suppose -5 = 5*w, 4*w + 9941 = q + 2733. What are the prime factors of q?
2, 1801
Let w be (7/2)/((-5)/(-130)). Suppose -4*d - f + 1748 = w, 4*d - 1655 = f. List the prime factors of d.
2, 3, 23
Let b = 57788 - -895. List the prime factors of b.
3, 31, 631
Suppose -14*a + 18*a = 4204. Let t = a - 689. Suppose 0*r + 2*j - t = -2*r, 891 = 5*r - 2*j. List the prime factors of r.
179
Let r = 94 + 13483. List the prime factors of r.
13577
Let r(n) = 46*n**2 - n - 8. Let d be r(-4). Suppose -d = -2*o - o. What are the prime factors of o?
2, 61
Suppose 1702 = 5*k + 4*c + 347, -2*c = -2*k + 560. Let s be -154 + (-14)/(-7)*(-9)/2. Let u = k + s. List the prime factors of u.
2, 7
Suppose 4*c = -3*m - 873, m = 2*m - c + 284. Suppose 2*k - 2*o - 4*o = -316, k + 3*o = -110. Let g = k - m. What are the prime factors of g?
3, 17
Let v be -5 + -7 + 7 + -352. List the prime factors of (-17)/(v/150)*7.
2, 5
Suppose 7874 = 10*i - 426. Suppose -5*k + 740 = -i. Let t = k + -204. List the prime factors of t.
2, 5, 11
Suppose 1285 = -21*v + 16*v. Let o = 201 - v. List the prime factors of o.
2, 229
Suppose 0 = -3*k + 5*y - 134 - 12, k = -2*y - 45. Let f = k - -51. Suppose 0 = f*m - 208 + 36. List the prime factors of m.
43
What are the prime factors of 23*(-396)/(-14)*((-20)/(-5) + 3)?
2, 3, 11, 23
Let m(k) = k. Let y be m(-6). List the prime factors of (-2538)/60*(-4)/y*-5.
3, 47
Let i be (-1)/((-5)/(3 - -2)). Let n(z) = -17*z. Let w(c) = 460*c. Let m(f) = 80*n(f) + 3*w(f). List the prime factors of m(i).
2, 5
Suppose -4*n + 641661 + 25079 = 13*n. List the prime factors of n.
2, 5, 37, 53
Suppose -3*i - 5 = -n, 0 = -2*n + 4*i - 7 + 21. List the prime factors of n/33*-9 - (-1759 + 1).
3, 5, 13
Let u(d) be the third derivative of 41*d**4/24 - 5*d**3/3 - 3*d**2 - 18. What are the prime factors of u(4)?
2, 7, 11
Let i(o) = o**2 + 29*o - 71. Let b be i(28). What are the prime factors of (-20)/12*-3 + b?
2, 3, 5, 17
Suppose c - 38636 = -3*o - 10510, -c + 4*o + 28182 = 0. List the prime factors of c.
2, 5, 563
Let y be ((-13535)/(-10))/((-6)/(-36)*3). Suppose h + 1909 = 2*b, -3*b - h + 144 = -y. List the prime factors of b.
2, 7, 17
Suppose -11 = -3*w - 8. Let m = w + 21. Let f = m + -5. What are the prime factors of f?
17
Let t(a) = -2*a + 237. Let h(f) = -f**2 - 15*f - 73. Let x be h(-12). List the prime factors of t(x).
311
Let a = 5291 + -226. What are the prime factors of a?
5, 1013
Let l = -23 - -9. Let j = 16 + l. Suppose 5*r + 4*x = 196, -2*x = -j*r - 0*x + 82. What are the prime factors of r?
2, 5
Suppose -741617 - 147983 = -64*w. What are the prime factors of w?
2, 5, 139
Let s = 144 - 160. Let j = 302 - s. List the prime factors of j.
2, 3, 53
Suppose 0*m - 2*m = 3*n - 22, 0 = 3*m + n - 19. Suppose -5*u + 2*u + 2*p = -76, -u - m*p = -14. Suppose -7*f + 6*f = -u. List the prime factors of f.
2, 3
Suppose -15856 - 4328 = -6*j. Suppose 6*h - j = 6788. What are the prime factors of h?
2, 3, 47
Let u be -6*8/12 + 7. Suppose u*s + x - 209 = 4*s, -5*x = -25. Let v = -25 - s. What are the prime factors of v?
179
Suppose -3252 - 256 = -4*i. Let w = 1286 - i. What are the prime factors of w?
409
Let u = -11469 - -21210. List the prime factors of u.
3, 17, 191
Let t(k) = 267*k**2 + 18*k + 189. List the prime factors of t(-6).
3, 359
Suppose 4*j - 97 = 23. List the prime factors of ((-168)/(-8))/(5/j).
2, 3, 7
Let w(i) be the second derivative of i**4/2 + 5*i**3/6 + 5*i**2/2 - i + 4. List the prime factors of w(9).
2, 67
Let p = 184 - -176. Let b = p + -80. What are the prime factors of b?
2, 5, 7
Let b(w) = -40*w**3 - 52*w**2 - 394*w + 39. List the prime factors of b(-8).
3, 6781
Let l = 11640 + -6033. What are the prime factors of l?
3, 7, 89
Let q(d) = d**2 + d + 1. Let i(r) = -5*r**2 - 14*r - 4. Let s(x) = i(x) + 3*q(x). Let o be s(-8). Let g = o + 58. List the prime factors of g.
17
Suppose -180*z = 100817 - 8354537. What are the prime factors of z?
2, 101, 227
Let x(g) = -2858*g - 1237. List the prime factors of x(-9).
5, 59, 83
Suppose -35 = -34*y + 35*y. Let m be y - ((-1)/(-1) - 4). Let f = 150 + m. What are the prime factors of f?
2, 59
Let l = 143 - 95. Suppose -6 = -3*f + l. List the prime factors of (-3)/(-2)*132/f.
11
Let i(x) be the first derivative of x**5/60 + 5*x**4/12 + 9*x**3 + 21. Let k(v) be the third derivative of i(v). List the prime factors of k(8).
2, 13
Let d = 61 + -59. Suppose y + d*j + 568 = 0, 0 = -2*y + j - 1205 + 79. What are the prime factors of -1*((-6)/(-10) + y/15)?
37
Let q = 130 + -127. Suppose -y - q*m - 7 = 0, -1 + 0 = y - 3*m. Let o = 73 - y. List the prime factors of o.
7, 11
Let u = -46 + 60. Suppose -2*w - s - 4*s = u, -2*w + 14 = -2*s. Suppose 0 = -5*b - 7*g + 2*g + 845, -w*b + g + 491 = 0. What are the prime factors of b?
3, 5, 11
Let i = -33439 - -65578. What are the prime factors of i?
3, 3571
Suppose -219*i + 11856 = -232*i. Let g = i - -1849. List the prime factors of g.
937
Let p = 81 + -79. Suppose 0 = 4*j - p*j + 5*m + 2, 4*j = 3*m + 48. List the prime factors of 3 - (-21)/j*(39 - 0).
2, 47
Suppose -q - 2*y = -33171, 57334 + 75310 = 4*q + 3*y. List the prime factors of q.
5, 19, 349
Suppose -3*f - 2*z + 2 = -3*z, -22 = -3*f - 4*z. Suppose -3*l = -5*b + 2701, f*l = 6*l + 8. What are the prime factors of b?
7, 11
Suppose -6 + 51 = 5*s. Suppose 6812 = s*h - 2395. List the prime factors of h.
3, 11, 31
Suppose -6*z - 7*z = 26. List the prime factors of z/((-1586)/226 - -7).
113
Let i be 4/18 + (-5334)/189. Let h = 33 + i. Suppose -10*w + 15 = -h*w. List the prime factors of w.
3
Let n(l) be the first derivative of 4*l**3/3 - 13*l**2/2 + 16*l - 5. Let f(p) be the first derivative of n(p). List the prime factors of f(4).
19
Let k(g) = 2*g - 16. Let z be k(18). Suppose z + 475 = 3*a. List the prime factors of a.
3, 5, 11
Let f(o) = -175*o - 5. Let d(c) = 87*c + 2. Let m(x) = -9*d(x) - 4*f(x). Let j(b) = b**2 - 3*b - 5. Let p be j(4). List the prime factors of m(p).
5, 17
Suppose -11*g - 99*g + 218460 = 0. What are the prime factors of g?
2, 3, 331
Let a(q) = 8*q**2 - 7*q + 10. Let f(o) = -4*o**2 - o - 1. Let t be f(-1). What are the prime factors of a(t)?
2, 83
Let q = 40 + -34. Let x(v) = -q*v - 7*v - 7 - 2*v**3 - 5*v - 8*v**2 + 13*v. What are the prime factors of x(-5)?
2, 17
Let d(p) = 81*p**3 - p**2 + 2*p + 1. Let l be d(2). Suppose 0*q + l = 3*c - 4*q, 0 = q + 1. What are the prime factors of c?
5, 43
Let k be (-6028)/(-15) + ((-4)/(-30) - 0). Let s = -137 + k. Let o = s + -74. List the prime factors of o.
191
Suppose 5*f + 3*z - 34751 = 18735, 2*f = 2*z + 21404. List the prime factors of f.
13, 823
Let q(o) = -o**3 - 4*o**2 + 4. Let v be q(-4). Suppose 79 - 11 = v*j. List the prime factors of j.
17
Suppose c - 5*c + 20 = 0. Let z be 109/(3 + 5/(c/(-2))). Let v = z + -75. What are the prime factors of v?
2, 17
Let d be 18/(-27)*-3*599/(-1). Let w = d - -2473. List the prime factors of w.
3, 5, 17
What are the prime factors of (((-79380)/48)/(-35))/((-2)/(-40))?
3, 5, 7
Let l be ((-52)/8)/(-13)*34. Suppose -l*o = -1349 - 4312. What are the prime factors of o?
3, 37
What are the prime factors of 3/1*(379320/504 + 5/7)?
2, 5, 113
Suppose 36216 = 23*p - 19*p + 4*o, 0 = -2*p - 4*o + 18102. List the prime factors of p.
3, 3019
Let f = 4306 + -2091. Suppose 5*w = -3*o + 3673, 6*w - o = 3*w + f. List the prime factors of w.
11, 67
Suppose 5*y = 13*x - 171565, 7001 = 4*x - y - 45792. List the prime factors of x.
2, 3, 5, 11
Let o = -2477 - -29749. List the prime factors of o.
2, 7, 487
Suppose 3*o = 4*w - 2, 2*o + w - 3 - 3 = 0. Suppose 4*u - 3*a = 1193, 586 = u + u + o*a. What are the prime factors of u?
2, 37
Let a = 13039 - 6311. List the prime factors of a.
2, 29
Let j be 4*(-4)/((-48)/9) - -5. Suppose -109*l + 113*l - j = 0. Let w = 6 + l. List the prime factors of w.
2
Let t = -267 + 317. Suppose 460 = -t*z + 52*z. What are the prime factors of z?
2, 5, 23
Let s(c) = 2*c**3 - 10*c**2 + 10*c - 9. Suppose 19*p - 24*p = 300. Let h be (27/2)/3*p/(-45). List the prime factors of s(h).
3, 41
Let k = 582 + -593. List the prime factors of (-4588)/(-5) - (k + 522/45).
7, 131
Let y(c) = 14*c + 4. Let n be y(-2). Let v = 6 - n. List the prime factors of (2 + 420